= d + -8. Calculate the highest common factor of o and 5.
5
Let f = 7 + -5. Suppose 0 = -4*m - 5*s - 2, -12 = 11*m - 13*m + 4*s. What is the highest common divisor of f and m?
2
Suppose -10*i = 3*p - 7*i - 504, -170 = -p + i. Let j = -167 + p. Let r(k) = k**2 + k - 4. Let w be r(-4). Calculate the highest common factor of w and j.
2
Suppose -15*k = -17*k + 22. Suppose -85 - k = -z. What is the greatest common divisor of 12 and z?
12
Suppose -3*f = 3*b - 114, -3*b = -48*f + 43*f + 174. What is the highest common divisor of 48 and f?
12
Let y = -11 + 13. Let h be ((-36)/(-4) - -3)/y. Suppose 28 = 2*r - 2*w, h*r - 82 = r + 2*w. Calculate the greatest common factor of r and 2.
2
Let t = 96 - -57. What is the greatest common divisor of 204 and t?
51
Let c be 66 + -74 + 17 + -1. Suppose -2*g - 3*k = -9, 4*g + 0*k - 3*k - 63 = 0. What is the highest common factor of c and g?
4
Let m be 4*-1 - (7 + -6). Let x be 78/(-2 - m) - 2. Suppose p + 0*p = 60. What is the highest common divisor of x and p?
12
Let t be 8 - 16/4 - (-53 + 1). Suppose -t = -6*x + 34. What is the highest common factor of x and 6?
3
Let r = -136 - -63. Let h = -8 - r. What is the greatest common divisor of 13 and h?
13
Let d(p) = p**3 + 7*p**2 - p + 3. Let l be d(-7). Let m(f) = f - 9. Let r be m(l). What is the highest common divisor of 3 and r?
1
Let n be -9*21832/(-216) - (-1)/3. What is the greatest common divisor of 390 and n?
130
Let a(n) = -5*n**2 + 36*n + 4. Let d be a(7). What is the highest common factor of 99 and d?
11
Let d be (138/8)/(5/4 - 1). Calculate the greatest common divisor of d and 483.
69
Let w = 17 + -6. Let j = w + 4. Let i be 6 + 99 - 0/1. Calculate the highest common divisor of i and j.
15
Suppose -27*r + 27561 + 1815 = 0. What is the greatest common factor of r and 17?
17
Suppose 0 = 3*a - 117 + 387. Let n(d) = d**2 + 28*d + 23. Let x be n(-25). Let r = x - a. What is the greatest common divisor of 95 and r?
19
Let n = -1416 - -1426. What is the greatest common factor of n and 840?
10
Suppose 0 = 5*r + 4*z - 8, -3*z = -3*r - 2*r + 29. Suppose h - 2 - r = 2*y, 3*y = -3*h + 27. Calculate the highest common divisor of h and 1.
1
Let o = 23 + -20. Suppose -o*n - 15 + 147 = 0. What is the highest common divisor of n and 22?
22
Suppose -4*z + 5*z + 8 = 0. Let t be (-4)/z*330/(-5). Let v = t + 35. What is the greatest common divisor of v and 8?
2
Let d = 42 - 23. Let x be 1/(-2) + d/2. Let c be (-4 + 1/(-2))*2/(-3). What is the greatest common factor of c and x?
3
Let n be (-8)/(-6) - 1 - 4658/(-102). What is the highest common divisor of n and 736?
46
Let k(l) be the third derivative of l**6/120 - l**5/15 - l**4/24 + 11*l**3/6 - 13*l**2. Let v be k(6). Calculate the greatest common factor of 11 and v.
11
Suppose 4*q + 20*p = 21*p + 23, 11 = q + 5*p. Calculate the highest common divisor of q and 78.
6
Suppose 5*l = -2*x + 23, 3*x = 2*x - 2*l + 11. Suppose -7*k - x = -37. What is the greatest common divisor of k and 4?
4
Let w = -8 + 10. Let m(y) = 5*y + 7. Let t be m(3). What is the highest common factor of w and t?
2
Suppose -73 = -4*g + 7. What is the highest common factor of 7 and g?
1
Let s(g) = g**3 + 43*g**2 - 94*g - 147. Let u be s(-45). What is the highest common divisor of u and 44?
11
Suppose 4*c - 5*n - 487 = -159, -2*c + 5*n + 174 = 0. Let s = c - 131. Let o be (-3)/12*s*6. Calculate the highest common divisor of 9 and o.
9
Let c(v) = -v**2 - 16*v - 28. Let m be c(-14). Suppose -2*q + 3*z - 7 = m, 0*q + q + 3*z - 19 = 0. Calculate the highest common factor of q and 32.
4
Let v = 126 + -115. Let k(o) = -o**2 - o - 66. Let y be k(0). Let a be y/9*(-21)/2. What is the highest common factor of a and v?
11
Suppose 457 = 14*h - 1615. Let q = 155 - h. Suppose 2*k - 11 - 3 = 0. Calculate the highest common divisor of q and k.
7
Let g(p) = p**3 - 7*p**2 + 4*p - 6. Suppose -12 = -4*o - 4*l, 3*o = l - 5*l + 4. Let s be g(o). Calculate the highest common factor of s and 10.
10
Let n(c) = 23*c + 24. Let m be n(0). Calculate the greatest common divisor of m and 408.
24
Suppose 2*a = 115 + 893. What is the highest common factor of 21 and a?
21
Let f = 16 + -11. Let i = f + 1. Suppose 15*v + 3 = 363. Calculate the greatest common factor of v and i.
6
Let f be (2/(-1))/(2/(-5)). Let a be 18/(210/350*4/6). Calculate the greatest common factor of f and a.
5
Let y = -23 + 27. Suppose 4*i = -2*w + 68, 3*i = 4*i + y*w - 3. Calculate the highest common divisor of 95 and i.
19
Let h be (2/8)/(3/36). Suppose -h*w + 5*w = 0. Suppose -3*f - 3 = -2*t + 6, -4*t - f + 25 = w. What is the greatest common factor of t and 30?
6
Let w be ((-50)/8)/((-90)/432). Calculate the greatest common factor of w and 165.
15
Suppose 0 = 2*l + 9 + 25. Let t(j) = -j**3 - 17*j**2 - 9*j - 18. Let c be t(l). Calculate the greatest common divisor of 15 and c.
15
Let x(p) = 10*p + 4. Let a be x(14). What is the greatest common divisor of 54 and a?
18
Let g(n) = n**3 - 15*n**2 + 27*n + 5. Suppose 0 = -5*h + 32 + 33. Let k be g(h). Calculate the highest common divisor of 36 and k.
18
Suppose 20*n = n + 8873. Suppose 16*h - 2269 = n. What is the greatest common divisor of 9 and h?
9
Suppose 38*s + 196 = 42*s. Calculate the greatest common factor of 14 and s.
7
Let u be -49*2*(-5)/(-5 + 15). What is the highest common factor of 98 and u?
49
Let h(d) be the first derivative of -d**2 + 14*d - 3. Let f be h(6). Let x(k) = 4*k**2 - k - 2. Let b be x(f). What is the highest common factor of 60 and b?
12
Let r = -1299 - -1405. What is the highest common divisor of 1802 and r?
106
Suppose 3*w + f - 4*f = -9, -4*w - f - 7 = 0. Let s be -40*(-15)/(-20)*w. Calculate the greatest common factor of s and 40.
20
Let t be (1 + -151)/(-5) + -4. What is the greatest common factor of t and 494?
26
Let l = -283 + 285. Calculate the highest common divisor of l and 2.
2
Suppose 0 = -5*r - i + 69 + 21, 3*r - 54 = -5*i. Let w(g) = -4*g + 125. Let p be w(20). Calculate the greatest common divisor of p and r.
9
Let m = -39 + 54. Let a(d) = 22 + 3*d - m + 6*d + 10*d**2 + 3*d - d**3. Let f be a(11). Calculate the greatest common factor of f and 12.
6
Let y = 205 + -339. Let m = 267 + y. Let c be ((-38)/4)/((-84)/(-8) + -11). What is the highest common divisor of c and m?
19
Let g(d) = d + 12. Let i be g(-6). Let o be 234/5*15/i. What is the highest common factor of o and 13?
13
Let x be (58/4)/(3/(-6)*1). Let m = x - -41. What is the highest common divisor of m and 108?
12
Let w(z) = -z**3 + 6*z**2 + 5*z - 7. Let f be w(6). What is the greatest common factor of 46 and f?
23
Let s(u) = u**3 + 9*u**2 + u - 31. Let b be s(-4). Let w = -93 + 153. What is the greatest common factor of w and b?
15
Let i be -4 + -2*(-33)/6. Suppose 4*b + i = 5*b. Calculate the greatest common factor of b and 21.
7
Let f be 117/36*(55 - -1). What is the highest common factor of f and 28?
14
Let g be ((-1056)/(-36))/((-4)/(-6)). Let v be 1*(2 + 10 + -1). Calculate the greatest common factor of g and v.
11
Suppose r - 3*x - 41 - 29 = 0, -3*r = 3*x - 186. Let p(s) = s. Suppose 40 + 16 = 7*k. Let m be p(k). What is the highest common divisor of r and m?
8
Let v(y) = -y - 4. Let j be v(-7). Let d(a) = -4 - 2*a**3 + 6 - j*a**2 - 7 + 0*a**3 - 5*a. Let p be d(-2). What is the highest common factor of 63 and p?
9
Let t = 21 - 19. Suppose -u - 3*u = 0, -t*h - u = -58. Suppose 2*r - h = 39. What is the highest common divisor of r and 51?
17
Suppose 20*l + 6236 = 23*l + i, -2*i + 10393 = 5*l. What is the greatest common divisor of l and 33?
33
Suppose 0 = 2*c + 3*c - 2*f + 868, -5*c + 4*f = 876. Let p = 130 + -414. Let n = c - p. Calculate the highest common divisor of 14 and n.
14
Let m(k) = -k**3 + 6*k**2 - 3*k + 5. Let h be m(5). Let q be -1 + 17/((-136)/(-224)) + 3. Calculate the greatest common factor of q and h.
15
Let w(i) = -95*i + 132. Let c be w(-2). What is the highest common divisor of c and 138?
46
Let n be (21/(-9) - -3)*66. Let t be n/((-1 - 2)/(-6) + 0). What is the highest common factor of 22 and t?
22
Let v be 44/(-264) + (-7)/12*-86. Calculate the greatest common divisor of 460 and v.
10
Let p = 977 + -960. What is the highest common divisor of 1921 and p?
17
Let j be -1 + 1 + (-12)/2. Let v be (124/j)/(4/(-12)). What is the greatest common facto